{"id":5,"date":"2016-01-15T21:31:50","date_gmt":"2016-01-15T21:31:50","guid":{"rendered":"http:\/\/rttheme20.rtthemes.com\/?page_id=5"},"modified":"2021-04-18T18:57:39","modified_gmt":"2021-04-18T16:57:39","slug":"le-centre-medical-et-orthopediatrique-nation","status":"publish","type":"page","link":"https:\/\/orthopediatrie.com\/index.php\/le-centre-medical-et-orthopediatrique-nation\/","title":{"rendered":"CMOP Nation"},"content":{"rendered":"<p>[vc_row rt_row_background_width=\u00a0\u00bbfullwidth\u00a0\u00bb rt_row_content_width=\u00a0\u00bbdefault\u00a0\u00bb rt_row_style=\u00a0\u00bbalt-style-2&Prime; rt_row_borders=\u00a0\u00bb\u00a0\u00bb rt_row_shadows=\u00a0\u00bb\u00a0\u00bb rt_row_paddings=\u00a0\u00bbtrue\u00a0\u00bb rt_bg_effect=\u00a0\u00bbparallax\u00a0\u00bb rt_bg_parallax_effect=\u00a0\u00bb1&Prime; rt_bg_image_repeat=\u00a0\u00bbrepeat\u00a0\u00bb rt_bg_size=\u00a0\u00bbcover\u00a0\u00bb rt_bg_position=\u00a0\u00bbcenter bottom\u00a0\u00bb rt_bg_video_format=\u00a0\u00bbself-hosted\u00a0\u00bb rt_padding_top=\u00a0\u00bb190&Prime; rt_padding_bottom=\u00a0\u00bb0&Prime; rt_grid=\u00a0\u00bb\u00a0\u00bb rt_bg_color=\u00a0\u00bb#a2a5aa\u00a0\u00bb rt_bg_overlay_color=\u00a0\u00bbrgba(162,165,170,0.75)\u00a0\u00bb rt_bg_image=\u00a0\u00bb1911&Prime;][vc_column width=\u00a0\u00bb1\/2&Prime; rt_column_shadow=\u00a0\u00bb\u00a0\u00bb rt_bg_image_repeat=\u00a0\u00bbrepeat\u00a0\u00bb rt_bg_size=\u00a0\u00bbauto auto\u00a0\u00bb rt_bg_attachment=\u00a0\u00bbscroll\u00a0\u00bb][vc_empty_space height=\u00a0\u00bb90px\u00a0\u00bb]<div class=\"rt_heading_wrapper no-style\">\n\t\t\t\t\t\t<h1 class=\"rt_heading  no-style\"  style=\"font-size:65px;line-height:65px;letter-spacing:2px;\">CMOP Nation<\/h1>\n\t\t\t\t\t<\/div>[\/vc_column][vc_column width=\u00a0\u00bb1\/2&Prime; rt_column_shadow=\u00a0\u00bb\u00a0\u00bb rt_bg_image_repeat=\u00a0\u00bbrepeat\u00a0\u00bb rt_bg_size=\u00a0\u00bbauto auto\u00a0\u00bb rt_bg_attachment=\u00a0\u00bbscroll\u00a0\u00bb][vc_column_text]<br \/>\n[\/vc_column_text][\/vc_column][\/vc_row][vc_row rt_row_background_width=\u00a0\u00bbfullwidth\u00a0\u00bb rt_row_content_width=\u00a0\u00bbdefault\u00a0\u00bb rt_row_style=\u00a0\u00bbdefault-style\u00a0\u00bb rt_row_borders=\u00a0\u00bbbottom\u00a0\u00bb rt_row_shadows=\u00a0\u00bb\u00a0\u00bb rt_row_paddings=\u00a0\u00bbtrue\u00a0\u00bb rt_bg_effect=\u00a0\u00bbclassic\u00a0\u00bb rt_bg_image_repeat=\u00a0\u00bbrepeat\u00a0\u00bb rt_bg_size=\u00a0\u00bbcover\u00a0\u00bb rt_bg_position=\u00a0\u00bbright top\u00a0\u00bb rt_bg_attachment=\u00a0\u00bbscroll\u00a0\u00bb rt_bg_video_format=\u00a0\u00bbself-hosted\u00a0\u00bb rt_padding_bottom=\u00a0\u00bb60&Prime;][vc_column width=\u00a0\u00bb1\/2&Prime; rt_column_shadow=\u00a0\u00bb\u00a0\u00bb rt_bg_image_repeat=\u00a0\u00bbrepeat\u00a0\u00bb rt_bg_size=\u00a0\u00bbauto auto\u00a0\u00bb rt_bg_attachment=\u00a0\u00bbscroll\u00a0\u00bb][vc_column_text]Notre centre est particuli\u00e8rement adapt\u00e9 \u00e0 la prise en charge\u00a0:<\/p>\n<p>Des pathologies orthop\u00e9diques et traumatologiques du nouveau-n\u00e9 \u00e0 l\u2019adolescent\u00a0:<br \/>\nPathologies des pieds (pied bot varus \u00e9quin, metatarsus varus, pied en Z et toute autre anomalie des pieds)<br \/>\nPathologies de la hanche: dysplasie et luxation cong\u00e9nitale de la hanche.<br \/>\nPathologies de la colonne vert\u00e9brale: scoliose<br \/>\nPathologies du membre sup\u00e9rieur<br \/>\nTraumatologie p\u00e9diatrique.<br \/>\nDes pathologies n\u00e9cessitant une kin\u00e9sith\u00e9rapie p\u00e9diatrique\u00a0:<br \/>\nOrthop\u00e9die p\u00e9diatrique (anomalies des pieds, mains\u2026)<br \/>\nNous disposons d\u2019une salle de pl\u00e2tre d\u00e9di\u00e9e et d\u2019une salle de kin\u00e9sith\u00e9rapie p\u00e9diatrique exclusive.[\/vc_column_text][\/vc_column][vc_column width=\u00a0\u00bb1\/2&Prime; rt_column_shadow=\u00a0\u00bb\u00a0\u00bb rt_bg_image_repeat=\u00a0\u00bbrepeat\u00a0\u00bb rt_bg_size=\u00a0\u00bbauto auto\u00a0\u00bb rt_bg_attachment=\u00a0\u00bbscroll\u00a0\u00bb rt_margin_top=\u00a0\u00bb-200&Prime; rt_bg_color=\u00a0\u00bb\u00a0\u00bb rt_padding_left=\u00a0\u00bb30&Prime; rt_padding_right=\u00a0\u00bb30&Prime;]<div  class=\"circle-slider\" data-background-images=\",,,,\">\n<div class=\"circle-one\"><\/div>\n<div class=\"circle-two\"><\/div>\n<div class=\"circle-three\"><\/div>\n<div class=\"circle-four\"><\/div>\n<\/div>\n[\/vc_column][\/vc_row][vc_row rt_row_background_width=\u00a0\u00bbfullwidth\u00a0\u00bb rt_row_content_width=\u00a0\u00bbdefault\u00a0\u00bb rt_row_style=\u00a0\u00bbalt-style-1&Prime; rt_row_borders=\u00a0\u00bb\u00a0\u00bb rt_row_shadows=\u00a0\u00bb\u00a0\u00bb rt_column_view=\u00a0\u00bbboxed_columns\u00a0\u00bb rt_row_paddings=\u00a0\u00bbtrue\u00a0\u00bb rt_bg_effect=\u00a0\u00bbclassic\u00a0\u00bb rt_bg_image_repeat=\u00a0\u00bbrepeat\u00a0\u00bb rt_bg_size=\u00a0\u00bbcover\u00a0\u00bb rt_bg_position=\u00a0\u00bbright top\u00a0\u00bb rt_bg_attachment=\u00a0\u00bbscroll\u00a0\u00bb rt_bg_video_format=\u00a0\u00bbself-hosted\u00a0\u00bb rt_padding_top=\u00a0\u00bb60&Prime; rt_padding_bottom=\u00a0\u00bb60&Prime;][vc_column rt_column_shadow=\u00a0\u00bb\u00a0\u00bb rt_bg_image_repeat=\u00a0\u00bbrepeat\u00a0\u00bb rt_bg_size=\u00a0\u00bbauto auto\u00a0\u00bb rt_bg_attachment=\u00a0\u00bbscroll\u00a0\u00bb]<div class=\"rt_heading_wrapper style-4\">\n\t\t\t\t\t\t<h3 class=\"rt_heading  with_punchline style-4\" ><span class=\"punchline\">L'\u00c9quipe<\/span>L&rsquo;\u00c9quipe<\/h3>\n\t\t\t\t\t<\/div><section id=\"staff-437919\" class=\"team clearfix  \"><div class=\"row clearfix\"><div class=\"col col-sm-6\">\n\n \n\n\t\t\t<h5 class=\"person_name\"><a href=\"https:\/\/orthopediatrie.com\/index.php\/team\/dr-mira-ramanoudjame\/\">Dr Mira Ramanoudjame<\/a><\/h5>\n\t\n\t\t\t<span class=\"position\">Chirurgien orthop\u00e9diste p\u00e9diatre<\/span>\n\t\n\t<div class=\"profile\">\n\t\tAncien Chef de Clinique de l'H\u00f4pital Necker Enfants Malades. Ancien Chef de Clinique de l'H\u00f4pital Trousseau. Chirurgien Attach\u00e9 \u00e0 l'H\u00f4pital Trousseau.\t<\/div> \n\n<\/div><\/div>\n<div class=\"col col-sm-6\">\n\n \n\n\t\t\t<h5 class=\"person_name\"><a href=\"https:\/\/orthopediatrie.com\/index.php\/team\/marie-josephe-clio-assouvie\/\">Marie-Jos\u00e8phe Clio-Assouvie<\/a><\/h5>\n\t\n\t\t\t<span class=\"position\">Kin\u00e9sith\u00e9rapeute P\u00e9diatre<\/span>\n\t\n\t<div class=\"profile\">\n\t\tOrtho-P\u00e9diatrie. Vice Pr\u00e9sidente de l'ARKOPE. Kin\u00e9sith\u00e9rapie respiratoire. Ancienne kin\u00e9sith\u00e9rapeute de l'H\u00f4pital Saint-Vincent de Paul. Ancienne kin\u00e9sith\u00e9rapeute de l'H\u00f4pital Necker Enfants Malades.\t<\/div> \n\n<\/div><\/div>\n<\/div><\/section><div class=\"paging_wrapper margin-t30 margin-b30\"><\/div>[\/vc_column][\/vc_row]<\/p>\n","protected":false},"excerpt":{"rendered":"<p>[vc_row rt_row_background_width=\u00a0\u00bbfullwidth\u00a0\u00bb rt_row_content_width=\u00a0\u00bbdefault\u00a0\u00bb rt_row_style=\u00a0\u00bbalt-style-2&Prime; rt_row_borders=\u00a0\u00bb\u00a0\u00bb rt_row_shadows=\u00a0\u00bb\u00a0\u00bb rt_row_paddings=\u00a0\u00bbtrue\u00a0\u00bb rt_bg_effect=\u00a0\u00bbparallax\u00a0\u00bb rt_bg_parallax_effect=\u00a0\u00bb1&Prime; rt_bg_image_repeat=\u00a0\u00bbrepeat\u00a0\u00bb rt_bg_size=\u00a0\u00bbcover\u00a0\u00bb rt_bg_position=\u00a0\u00bbcenter bottom\u00a0\u00bb rt_bg_video_format=\u00a0\u00bbself-hosted\u00a0\u00bb rt_padding_top=\u00a0\u00bb190&Prime; rt_padding_bottom=\u00a0\u00bb0&Prime; rt_grid=\u00a0\u00bb\u00a0\u00bb rt_bg_color=\u00a0\u00bb#a2a5aa\u00a0\u00bb rt_bg_overlay_color=\u00a0\u00bbrgba(162,165,170,0.75)\u00a0\u00bb rt_bg_image=\u00a0\u00bb1911&Prime;][vc_column width=\u00a0\u00bb1\/2&Prime; rt_column_shadow=\u00a0\u00bb\u00a0\u00bb rt_bg_image_repeat=\u00a0\u00bbrepeat\u00a0\u00bb rt_bg_size=\u00a0\u00bbauto auto\u00a0\u00bb rt_bg_attachment=\u00a0\u00bbscroll\u00a0\u00bb][vc_empty_space height=\u00a0\u00bb90px\u00a0\u00bb][\/vc_column][vc_column width=\u00a0\u00bb1\/2&Prime; rt_column_shadow=\u00a0\u00bb\u00a0\u00bb rt_bg_image_repeat=\u00a0\u00bbrepeat\u00a0\u00bb rt_bg_size=\u00a0\u00bbauto auto\u00a0\u00bb rt_bg_attachment=\u00a0\u00bbscroll\u00a0\u00bb][vc_column_text] [\/vc_column_text][\/vc_column][\/vc_row][vc_row rt_row_background_width=\u00a0\u00bbfullwidth\u00a0\u00bb rt_row_content_width=\u00a0\u00bbdefault\u00a0\u00bb rt_row_style=\u00a0\u00bbdefault-style\u00a0\u00bb rt_row_borders=\u00a0\u00bbbottom\u00a0\u00bb rt_row_shadows=\u00a0\u00bb\u00a0\u00bb rt_row_paddings=\u00a0\u00bbtrue\u00a0\u00bb rt_bg_effect=\u00a0\u00bbclassic\u00a0\u00bb rt_bg_image_repeat=\u00a0\u00bbrepeat\u00a0\u00bb rt_bg_size=\u00a0\u00bbcover\u00a0\u00bb rt_bg_position=\u00a0\u00bbright top\u00a0\u00bb rt_bg_attachment=\u00a0\u00bbscroll\u00a0\u00bb rt_bg_video_format=\u00a0\u00bbself-hosted\u00a0\u00bb rt_padding_bottom=\u00a0\u00bb60&Prime;][vc_column width=\u00a0\u00bb1\/2&Prime; rt_column_shadow=\u00a0\u00bb\u00a0\u00bb rt_bg_image_repeat=\u00a0\u00bbrepeat\u00a0\u00bb rt_bg_size=\u00a0\u00bbauto auto\u00a0\u00bb rt_bg_attachment=\u00a0\u00bbscroll\u00a0\u00bb][vc_column_text]Notre centre &#8230; <a class=\"more-link\" href=\"https:\/\/orthopediatrie.com\/index.php\/team\/marie-josephe-clio-assouvie\/\">Continue reading<\/a><\/p>\n","protected":false},"author":1,"featured_media":0,"parent":0,"menu_order":0,"comment_status":"closed","ping_status":"closed","template":"","meta":[],"_links":{"self":[{"href":"https:\/\/orthopediatrie.com\/index.php\/wp-json\/wp\/v2\/pages\/5"}],"collection":[{"href":"https:\/\/orthopediatrie.com\/index.php\/wp-json\/wp\/v2\/pages"}],"about":[{"href":"https:\/\/orthopediatrie.com\/index.php\/wp-json\/wp\/v2\/types\/page"}],"author":[{"embeddable":true,"href":"https:\/\/orthopediatrie.com\/index.php\/wp-json\/wp\/v2\/users\/1"}],"replies":[{"embeddable":true,"href":"https:\/\/orthopediatrie.com\/index.php\/wp-json\/wp\/v2\/comments?post=5"}],"version-history":[{"count":30,"href":"https:\/\/orthopediatrie.com\/index.php\/wp-json\/wp\/v2\/pages\/5\/revisions"}],"predecessor-version":[{"id":3716,"href":"https:\/\/orthopediatrie.com\/index.php\/wp-json\/wp\/v2\/pages\/5\/revisions\/3716"}],"wp:attachment":[{"href":"https:\/\/orthopediatrie.com\/index.php\/wp-json\/wp\/v2\/media?parent=5"}],"curies":[{"name":"wp","href":"https:\/\/api.w.org\/{rel}","templated":true}]}}

<p>[vc_row rt_row_background_width= »fullwidth » rt_row_content_width= »default » rt_row_style= »alt-style-2&Prime; rt_row_borders= » » rt_row_shadows= » » rt_row_paddings= »true » rt_bg_effect= »parallax » rt_bg_parallax_effect= »1&Prime; rt_bg_image_repeat= »repeat » rt_bg_size= »cover » rt_bg_position= »center bottom » rt_bg_video_format= »self-hosted » rt_padding_top= »190&Prime; rt_padding_bottom= »0&Prime; rt_grid= » » rt_bg_color= »#a2a5aa » rt_bg_overlay_color= »rgba(162,165,170,0.75) » rt_bg_image= »1911&Prime;][vc_column width= »1/2&Prime; rt_column_shadow= » » rt_bg_image_repeat= »repeat » rt_bg_size= »auto auto » rt_bg_attachment= »scroll »][vc_empty_space height= »90px »]<div class="rt_heading_wrapper no-style">
						<h1 class="rt_heading  no-style"  style="font-size:65px;line-height:65px;letter-spacing:2px;">CMOP Nation</h1>
					</div>[/vc_column][vc_column width= »1/2&Prime; rt_column_shadow= » » rt_bg_image_repeat= »repeat » rt_bg_size= »auto auto » rt_bg_attachment= »scroll »][vc_column_text]<br />
[/vc_column_text][/vc_column][/vc_row][vc_row rt_row_background_width= »fullwidth » rt_row_content_width= »default » rt_row_style= »default-style » rt_row_borders= »bottom » rt_row_shadows= » » rt_row_paddings= »true » rt_bg_effect= »classic » rt_bg_image_repeat= »repeat » rt_bg_size= »cover » rt_bg_position= »right top » rt_bg_attachment= »scroll » rt_bg_video_format= »self-hosted » rt_padding_bottom= »60&Prime;][vc_column width= »1/2&Prime; rt_column_shadow= » » rt_bg_image_repeat= »repeat » rt_bg_size= »auto auto » rt_bg_attachment= »scroll »][vc_column_text]Notre centre est particulièrement adapté à la prise en charge :</p>
<p>Des pathologies orthopédiques et traumatologiques du nouveau-né à l’adolescent :<br />
Pathologies des pieds (pied bot varus équin, metatarsus varus, pied en Z et toute autre anomalie des pieds)<br />
Pathologies de la hanche: dysplasie et luxation congénitale de la hanche.<br />
Pathologies de la colonne vertébrale: scoliose<br />
Pathologies du membre supérieur<br />
Traumatologie pédiatrique.<br />
Des pathologies nécessitant une kinésithérapie pédiatrique :<br />
Orthopédie pédiatrique (anomalies des pieds, mains…)<br />
Nous disposons d’une salle de plâtre dédiée et d’une salle de kinésithérapie pédiatrique exclusive.[/vc_column_text][/vc_column][vc_column width= »1/2&Prime; rt_column_shadow= » » rt_bg_image_repeat= »repeat » rt_bg_size= »auto auto » rt_bg_attachment= »scroll » rt_margin_top= »-200&Prime; rt_bg_color= » » rt_padding_left= »30&Prime; rt_padding_right= »30&Prime;]<div  class="circle-slider" data-background-images=",,,,">
<div class="circle-one"></div>
<div class="circle-two"></div>
<div class="circle-three"></div>
<div class="circle-four"></div>
</div>
[/vc_column][/vc_row][vc_row rt_row_background_width= »fullwidth » rt_row_content_width= »default » rt_row_style= »alt-style-1&Prime; rt_row_borders= » » rt_row_shadows= » » rt_column_view= »boxed_columns » rt_row_paddings= »true » rt_bg_effect= »classic » rt_bg_image_repeat= »repeat » rt_bg_size= »cover » rt_bg_position= »right top » rt_bg_attachment= »scroll » rt_bg_video_format= »self-hosted » rt_padding_top= »60&Prime; rt_padding_bottom= »60&Prime;][vc_column rt_column_shadow= » » rt_bg_image_repeat= »repeat » rt_bg_size= »auto auto » rt_bg_attachment= »scroll »]<div class="rt_heading_wrapper style-4">
						<h3 class="rt_heading  with_punchline style-4" ><span class="punchline">L'Équipe</span>L&rsquo;Équipe</h3>
					</div><section id="staff-437919" class="team clearfix  "><div class="row clearfix"><div class="col col-sm-6">

 

			<h5 class="person_name"><a href="https://orthopediatrie.com/index.php/team/dr-mira-ramanoudjame/">Dr Mira Ramanoudjame</a></h5>
	
			<span class="position">Chirurgien orthopédiste pédiatre</span>
	
	<div class="profile">
		Ancien Chef de Clinique de l'Hôpital Necker Enfants Malades. Ancien Chef de Clinique de l'Hôpital Trousseau. Chirurgien Attaché à l'Hôpital Trousseau.	</div> 

</div></div>
<div class="col col-sm-6">

 

			<h5 class="person_name"><a href="https://orthopediatrie.com/index.php/team/marie-josephe-clio-assouvie/">Marie-Josèphe Clio-Assouvie</a></h5>
	
			<span class="position">Kinésithérapeute Pédiatre</span>
	
	<div class="profile">
		Ortho-Pédiatrie. Vice Présidente de l'ARKOPE. Kinésithérapie respiratoire. Ancienne kinésithérapeute de l'Hôpital Saint-Vincent de Paul. Ancienne kinésithérapeute de l'Hôpital Necker Enfants Malades.	</div> 

</div></div>
</div></section><div class="paging_wrapper margin-t30 margin-b30"></div>[/vc_column][/vc_row]</p>
