{"id":2360,"date":"2016-01-22T03:46:42","date_gmt":"2016-01-22T03:46:42","guid":{"rendered":"http:\/\/rttheme20.rtthemes.com\/?page_id=2360"},"modified":"2026-02-11T23:40:47","modified_gmt":"2026-02-11T22:40:47","slug":"home-page","status":"publish","type":"page","link":"https:\/\/orthopediatrie.com\/","title":{"rendered":"Home Page"},"content":{"rendered":"<h5 style=\"text-align: center;\">\u00a0<\/h5>\n<h5 style=\"text-align: center;\"><span style=\"font-weight: 400;\">Le Centre M\u00e9dical &amp; OrthoP\u00e9diatrique NATION proposent une prise en charge coordonn\u00e9e et efficace de l\u2019enfant et de sa famille.<\/span><\/h5>\n<h6>\u00a0<\/h6>\n<h6><strong>Dr Mira RAMANOUDJAME<\/strong>, chirurgien orthop\u00e9diste p\u00e9diatre, ancien chef de clinique de l\u2019H\u00f4pital Necker Enfants Malades et de l\u2019H\u00f4pital Trousseau.<\/h6>\n<ul>\n<li>Consultation le lundi et mercredi de 9H \u00e0 18H. Le Docteur Ramanoudjame consulte \u00e9galement \u00e0 la clinique Marcel Sembat\u00a0<\/li>\n<\/ul>\n<h6><strong>Monsieur Vincent HAMEL<\/strong>, kin\u00e9sith\u00e9rapeute sp\u00e9cialis\u00e9 dans la prise en charge de la douleur et des troubles musculo-squelettiques (incluant la kin\u00e9sith\u00e9rapie du sport) avec une approche orient\u00e9e vers la th\u00e9rapie manuelle orthop\u00e9dique<\/h6>\n<h5>\u00a0<\/h5>\n\n\n<p><\/p>\n","protected":false},"excerpt":{"rendered":"<p>\u00a0 Le Centre M\u00e9dical &amp; OrthoP\u00e9diatrique NATION proposent une prise en charge coordonn\u00e9e et efficace de l\u2019enfant et de sa famille. \u00a0 Dr Mira RAMANOUDJAME, chirurgien orthop\u00e9diste p\u00e9diatre, ancien chef de clinique de l\u2019H\u00f4pital Necker Enfants Malades et de l\u2019H\u00f4pital Trousseau. Consultation le lundi et mercredi de 9H \u00e0 18H. Le Docteur Ramanoudjame consulte \u00e9galement &#8230; <a class=\"more-link\" href=\"https:\/\/orthopediatrie.com\/\">Continue reading<\/a><\/p>\n","protected":false},"author":1,"featured_media":3260,"parent":0,"menu_order":0,"comment_status":"closed","ping_status":"closed","template":"","meta":[],"_links":{"self":[{"href":"https:\/\/orthopediatrie.com\/index.php\/wp-json\/wp\/v2\/pages\/2360"}],"collection":[{"href":"https:\/\/orthopediatrie.com\/index.php\/wp-json\/wp\/v2\/pages"}],"about":[{"href":"https:\/\/orthopediatrie.com\/index.php\/wp-json\/wp\/v2\/types\/page"}],"author":[{"embeddable":true,"href":"https:\/\/orthopediatrie.com\/index.php\/wp-json\/wp\/v2\/users\/1"}],"replies":[{"embeddable":true,"href":"https:\/\/orthopediatrie.com\/index.php\/wp-json\/wp\/v2\/comments?post=2360"}],"version-history":[{"count":69,"href":"https:\/\/orthopediatrie.com\/index.php\/wp-json\/wp\/v2\/pages\/2360\/revisions"}],"predecessor-version":[{"id":3728,"href":"https:\/\/orthopediatrie.com\/index.php\/wp-json\/wp\/v2\/pages\/2360\/revisions\/3728"}],"wp:featuredmedia":[{"embeddable":true,"href":"https:\/\/orthopediatrie.com\/index.php\/wp-json\/wp\/v2\/media\/3260"}],"wp:attachment":[{"href":"https:\/\/orthopediatrie.com\/index.php\/wp-json\/wp\/v2\/media?parent=2360"}],"curies":[{"name":"wp","href":"https:\/\/api.w.org\/{rel}","templated":true}]}}